igit of b?
2
Let r = 27 - 24. Suppose -r*j + 160 + 20 = 0. What is the tens digit of j?
6
Suppose j - 6*j - 4*z = -485, 0 = 3*j + 4*z - 299. What is the tens digit of j?
9
Suppose -2*n = -5*l + 19, -19 = -3*l + 6*n - n. Let r = 6 - l. Suppose r*y = 9 - 3. What is the units digit of y?
2
Let u(c) = c + 16. Let w be u(-16). Suppose w = -v + 10*v - 900. What is the hundreds digit of v?
1
Let m(p) = 12*p - 5. Let w be m(-3). Let q = w - -70. What is the tens digit of q?
2
Let b(c) = 3*c**3 + 2*c**2 - 6. What is the units digit of b(5)?
9
Let f be -1*2/3*(-24)/16. Let t(i) = 97*i - 1. What is the units digit of t(f)?
6
Let g = 18 - 16. Suppose 2*z = -g*j - 2*z + 24, z = -j + 8. Suppose 11 = -j*r + 103. What is the units digit of r?
3
Let s(c) = c**2 - 9*c + 18. Let d be s(0). Let q = 0 - -2. What is the tens digit of d - (1 + q/(-2))?
1
Suppose -25*h = -2*h - 93449. What is the tens digit of h?
6
Let a be ((-82)/(-2) - 1) + -4. Let g = 22 + a. What is the units digit of g?
8
Suppose 3*v + 5*t + 102 = 389, 10 = -2*t. Let b = -77 + v. What is the units digit of b?
7
Let y = 275 + -81. Suppose 60 = i - y. What is the tens digit of i?
5
Let s(d) = 4*d**2 + 10*d - 1. What is the units digit of s(-12)?
5
Suppose 6*n - 39 - 39 = 0. What is the tens digit of 154/6*(n + -10)?
7
Suppose -3*v = 2*v + 2*m + 27, -2*m + 3 = -v. Let i(h) be the third derivative of h**6/120 + h**5/10 + h**4/24 - h**3 - 3*h**2. What is the tens digit of i(v)?
1
Suppose 4*t - n = -0*t + 118, -t - n = -32. Suppose -4*q = -9*q + 25. Suppose 0 = -q*l, 5*b - 5*l - t = 3*b. What is the units digit of b?
5
Suppose -5*v + 5*z = -6010, 2*v + 5*z - 2174 - 251 = 0. What is the tens digit of v?
0
Suppose -p + 0*p = -486. What is the tens digit of p?
8
Let b = 475 - 151. What is the tens digit of b?
2
Let a(r) = r + 1. Let o be a(-1). Suppose -2*b - b + 264 = o. Suppose i = -i + b. What is the tens digit of i?
4
Let i(c) = 286*c - 333. What is the units digit of i(7)?
9
Let b(h) = -4*h**2 + 13*h + 2. Let j(g) = g**2 + 1. Let f(w) = -b(w) - 3*j(w). Let m be f(13). Let q(r) = -r**2 - 9*r - 3. What is the units digit of q(m)?
7
Suppose -6*l - 3 = -27. Let f be (l - 2)/((-9)/(-252)). What is the units digit of (f/6)/(1/6)?
6
Let a(f) = 0 - 8*f + 9 + 13*f. What is the tens digit of a(6)?
3
Let x(h) be the first derivative of 13*h**2/2 - 8*h - 11. What is the tens digit of x(4)?
4
Let f(s) be the first derivative of s**3 + 3*s**2 - 28*s + 2. What is the tens digit of f(-10)?
1
Let t(u) = 132*u - 4. What is the tens digit of t(3)?
9
Suppose 2*o = -2*k + 630, k = -4*o - 2*k + 1262. What is the units digit of o?
7
Let b(a) = a**3 - 9*a**2 + 4*a - 6. Let j be b(7). Let o = 192 + j. What is the units digit of o?
6
Let i(h) = -h - 1. Let t(n) = -8*n - 5. Let s(l) = -3*i(l) + t(l). Let w = -24 - -16. What is the units digit of s(w)?
8
Let q be ((-1)/3)/((-5)/30). Suppose -u + 3 = 2*w - q, -3*u + w + 15 = 0. Suppose -u*n = -123 - 197. What is the units digit of n?
4
Suppose 14*y - 13*y + 10346 = 4*i, -y = -2. What is the units digit of i?
7
Let o be ((-3)/(-6))/((-8)/(-64)). Suppose -o*r = -4*v + 376, 84 + 174 = 3*v + 3*r. What is the units digit of v?
0
Let g(d) = -14*d**3 + d**2 + 2*d + 1. Suppose -2*p - 30 = p. Let t = -11 - p. What is the units digit of g(t)?
4
Suppose 0 = -5*a + a + 8. Let t be 0/(0 - -4) - a. Let u(v) = 2*v**2 + 4*v + 4. What is the units digit of u(t)?
4
Let p = -116 - -217. What is the units digit of p?
1
Let t(x) be the second derivative of 7/12*x**4 - 1/2*x**2 - 1/2*x**3 - 6*x + 0. What is the tens digit of t(-2)?
3
Let m(x) = x**2 - 8*x + 10. Let u be -1*(-126)/(3 - 0). Let q = u - 31. What is the tens digit of m(q)?
4
Let f(m) be the third derivative of m**4/12 - 7*m**3/6 - 4*m**2. Let l be f(5). What is the tens digit of l/9 - (-112)/6?
1
Suppose w - 143 - 1098 = 0. What is the hundreds digit of w?
2
Suppose 0 = -3*o + 4*y - 2*y + 84, -2*y = 0. What is the units digit of o?
8
Suppose -2*o = -4*o + 2. Let f(q) = 3*q**3 - 3*q**2 - 12*q. Let l(x) = x**3 + x**2 - x + 1. Let m(b) = o*f(b) - 4*l(b). What is the units digit of m(-6)?
8
Suppose 5*k - 44 = -129. Let u be -4 + 1 + (-17 - k). What is the units digit of 0 - (-12 + (-7 - u))?
6
Let j(z) = -5*z**2 + 4*z**2 - 368 + 739 - 363 + 6*z. Suppose -5*h + 39 = v, -4*v = h - 0*h - 23. What is the units digit of j(h)?
1
Let k = -78 - -85. Suppose -2*r - 3 = -k. What is the units digit of r?
2
Suppose 3*s = 3*c + 1032, 5*c = -2*s + 478 + 203. What is the hundreds digit of s?
3
Let f(l) = 2*l**3 + 13*l + 12. What is the tens digit of f(5)?
2
Suppose -d - 4*d - s + 1874 = 0, 3*d - 5*s = 1102. What is the tens digit of d?
7
Suppose -3*x + 13 = 7. Let p(f) = 3 + 3*f + 0*f**2 + f**2 - 7*f - x*f. What is the units digit of p(8)?
9
Let g = -6 + -23. Let c = -25 - g. Suppose -v + 345 = c*v. What is the tens digit of v?
6
Let p(a) = 45*a + 36. What is the tens digit of p(21)?
8
What is the hundreds digit of (-8691)/(-4)*(-68)/(-51)?
8
Suppose -r = 34 - 60. Let n = r + 0. What is the tens digit of n?
2
Suppose -3*c = -4*c + 5. Suppose c*z - 20 = z. Suppose 3*v + 2*v - 45 = z*u, -2*u + 66 = 4*v. What is the units digit of v?
4
Suppose -233 = -n + s - 4*s, 0 = 4*n + 3*s - 923. What is the tens digit of n?
3
Let i(p) = -8*p + 11. Let q(n) = 7*n - 11. Let r(z) = -5*i(z) - 6*q(z). Let s be (-1 + 3)/(8/(-36)). What is the units digit of r(s)?
9
Let k(l) = l**2 - 8*l - 11. Let p be k(8). Let o(r) = r**3 + 12*r**2 + 12*r + 15. Let x be o(p). What is the units digit of (-3)/(-2)*x/6?
1
What is the units digit of 208 + (9/(-2) + 2)*-2?
3
Suppose m + 2*m + 18 = 0. Let i = 18 - m. What is the units digit of i?
4
Suppose -3*g = -y + g - 8, 4*y + 2*g = 4. Suppose h - 18 - 13 = y. What is the tens digit of h?
3
Let z be (5/(-3))/((-3)/9). Suppose z*h = 2*h + t + 151, h = 4*t + 32. Let c = h + -33. What is the tens digit of c?
1
Suppose 0*t + 12 = 3*t. Let v be -2 + t + 1*-13. Let c = v - -44. What is the tens digit of c?
3
Suppose -8 - 8 = -2*s. Suppose -5*d = -2 - s. What is the tens digit of 3/d*(-52)/(-6)?
1
Let s(q) = -10*q - 4*q**2 - 9*q**2 - 9 + 8 - q**3 + 17. Let i be s(-12). What is the tens digit of (12/i)/(12/(-320))?
4
Let l be ((-12)/10)/(26/(-65)). Suppose 2*y + 1 = 5*v - 3, 0 = 2*v + l*y - 13. Suppose -25 = -t - n, 62 = v*t - 0*n - 2*n. What is the tens digit of t?
2
Suppose -x = 5*d + 26, x + d + 6 = -0*d. Let a(p) = -9*p - 2. Let v be a(x). Suppose -v + 4 = -3*c. What is the units digit of c?
1
Suppose 2*p - 17 = c, -c = 9*p - 7*p - 11. Suppose -5*w - 773 = -4*v, 5 = 4*w - p. What is the units digit of v?
7
Let n = -326 - -872. What is the units digit of n?
6
Suppose -2*q = 5 - 9. Suppose 5*t - 26 = o, 28 = 5*t + 2*o - 5*o. Let i = q + t. What is the units digit of i?
7
Let a = -60 - -63. Let n = 254 - 138. What is the tens digit of 1/(n/38 - a)?
1
Let k = 213 + 32. Suppose -k = -7*r + 448. What is the tens digit of r?
9
Let a be 0/(-2) + -3 + 31. What is the units digit of 2/(-7) - (-428)/a?
5
Suppose h - 3*h = -14. Suppose 5*z = 5*p + 355, 3*z + h*p = 3*p + 227. What is the tens digit of z?
7
Suppose 2*d = 18*d + 784. Let k = 0 - 26. Let g = k - d. What is the units digit of g?
3
Let o(h) = h**3 - 4*h**2 - 4*h + 4. Let n be o(4). Let d be (-21)/4 - 3/n. Let a = -1 - d. What is the units digit of a?
4
Let l(y) = -y**3 - 6*y**2 + 7*y + 4. Let v be l(-7). Suppose -v*j = -127 - 221. What is the tens digit of j?
8
Suppose -4*j + 4*z + 0*z + 736 = 0, -5*z - 377 = -2*j. What is the hundreds digit of j?
1
Let q(c) be the second derivative of -c**5/20 + 7*c**4/4 - 5*c**3/3 - 17*c**2/2 - 40*c. What is the hundreds digit of q(20)?
1
Let o be (6/4)/(6/12). Suppose 0 = -x + 2*z + 40, x + o*z + 0*z = 45. What is the units digit of x?
2
Let d(x) = x**3 + 25*x**2 + 22*x + 56. What is the tens digit of d(-24)?
0
Let g = 26 + -25. Suppose g + 3 = 4*b, -2*b = -4*u + 750. What is the units digit of u?
8
Let c = 1 - -2. Suppose c*o - 7*o + 384 = 0. Suppose -5*v = 2*z - o, 93 = 7*v - 2*v + z. What is the tens digit of v?
1
Suppose 0 = -16*p + 52751 - 4607. What is the tens digit of p?
0
Let w(c) = -16*c + 20. Let s(q) = -q + 1. Let x(p) = s(p) - w(p). What is the units digit of x(5)?
6
Suppose -3*p + 7*p + 16 = 0. What is the tens digit of p/(-14) - 2004/(-42)?
